{"id":426,"date":"2017-10-26T12:24:36","date_gmt":"2017-10-26T10:24:36","guid":{"rendered":"http:\/\/www.elzbieta.archidiecezja.wroc.pl\/?page_id=426"},"modified":"2023-09-02T13:59:34","modified_gmt":"2023-09-02T11:59:34","slug":"i-komunia-sw","status":"publish","type":"page","link":"http:\/\/www.elzbieta.archidiecezja.wroc.pl\/?page_id=426","title":{"rendered":"I Komunia \u015bw."},"content":{"rendered":"<p>Informujemy, \u017ce istnieje mo\u017cliwo\u015b\u0107 przyst\u0105pienia do <strong>I Komunii \u015bw<\/strong>. w przysz\u0142ym roku dzieci z naszej parafii oraz z ca\u0142ego Garnizonu Wroc\u0142aw. Zapisy w kancelarii parafialnej do ko\u0144ca wrze\u015bnia.<\/p>\n<p>Spotkania przygotowuj\u0105ce odbywaj\u0105 si\u0119 w<strong> 2 niedziel\u0119 miesi\u0105ca po Mszy \u015bw. o godz. 10:00.<\/strong><\/p>\n<p>Najbli\u017csze spotkanie b\u0119dzie mia\u0142o miejsce <strong>8 pa\u017adziernika.<\/strong><\/p>\n","protected":false},"excerpt":{"rendered":"<p>Informujemy, \u017ce istnieje mo\u017cliwo\u015b\u0107 przyst\u0105pienia do I Komunii \u015bw. w przysz\u0142ym roku dzieci z naszej parafii oraz z ca\u0142ego Garnizonu Wroc\u0142aw. Zapisy w kancelarii parafialnej do ko\u0144ca wrze\u015bnia. Spotkania przygotowuj\u0105ce odbywaj\u0105 si\u0119 w 2 niedziel\u0119 miesi\u0105ca po Mszy \u015bw. o godz. 10:00. Najbli\u017csze spotkanie b\u0119dzie mia\u0142o miejsce 8 pa\u017adziernika.<\/p>\n","protected":false},"author":1,"featured_media":0,"parent":0,"menu_order":0,"comment_status":"closed","ping_status":"closed","template":"page-fullwidth.php","meta":[],"_links":{"self":[{"href":"http:\/\/www.elzbieta.archidiecezja.wroc.pl\/index.php?rest_route=\/wp\/v2\/pages\/426"}],"collection":[{"href":"http:\/\/www.elzbieta.archidiecezja.wroc.pl\/index.php?rest_route=\/wp\/v2\/pages"}],"about":[{"href":"http:\/\/www.elzbieta.archidiecezja.wroc.pl\/index.php?rest_route=\/wp\/v2\/types\/page"}],"author":[{"embeddable":true,"href":"http:\/\/www.elzbieta.archidiecezja.wroc.pl\/index.php?rest_route=\/wp\/v2\/users\/1"}],"replies":[{"embeddable":true,"href":"http:\/\/www.elzbieta.archidiecezja.wroc.pl\/index.php?rest_route=%2Fwp%2Fv2%2Fcomments&post=426"}],"version-history":[{"count":13,"href":"http:\/\/www.elzbieta.archidiecezja.wroc.pl\/index.php?rest_route=\/wp\/v2\/pages\/426\/revisions"}],"predecessor-version":[{"id":2778,"href":"http:\/\/www.elzbieta.archidiecezja.wroc.pl\/index.php?rest_route=\/wp\/v2\/pages\/426\/revisions\/2778"}],"wp:attachment":[{"href":"http:\/\/www.elzbieta.archidiecezja.wroc.pl\/index.php?rest_route=%2Fwp%2Fv2%2Fmedia&parent=426"}],"curies":[{"name":"wp","href":"https:\/\/api.w.org\/{rel}","templated":true}]}}